 f?
3, 13
What are the prime factors of ((-3975)/50)/((-6)/40)?
2, 5, 53
Let o(h) = -h**3 + 3*h**2 + 5*h. Let y be o(4). Suppose -12 + 95 = b - 4*u, -y = 2*u. List the prime factors of b.
3, 5
Suppose -2*f + m = -4, -9 = -f - 0*f - 3*m. Suppose 4*x - 4*g = 452, -5*g + 434 = x + f*x. What are the prime factors of x?
3, 37
Let m be 77/28 - 3/4. Let n = 0 - -2. Suppose n*k + m*k = 48. List the prime factors of k.
2, 3
Let k(j) = j + 3. Let v be k(9). Suppose -v*t = -11*t - 4. List the prime factors of t.
2
Let z = -796 - -824. What are the prime factors of z?
2, 7
Let t = -11 - -14. Let c be 2/1 - 9/t. List the prime factors of 24 + c*(-3 - 0).
3
Suppose -4*x - 5*m + 2970 = 0, -4*x + 9*m - 7*m = -2984. List the prime factors of x.
5, 149
Let t be 12 + -10 - (-21)/(3/1). Suppose t*u - 18 = 54. List the prime factors of u.
2
Suppose 6*u - 84 = 2*u. Suppose 0 = 5*l + 1 - u. Suppose -3*x + l = -71. What are the prime factors of x?
5
Suppose 4 = -o + 97. Suppose -o = -2*t - t. List the prime factors of t.
31
Suppose -63*b + 50*b + 12844 = 0. List the prime factors of b.
2, 13, 19
What are the prime factors of 2679 + (1 - -4) + -6?
2, 13, 103
Let h be ((-4)/6)/((-8)/(-12)). Let g = h - -125. What are the prime factors of g?
2, 31
Suppose 4*v + 5*w - 39 = -5, 4*v + w = 26. Suppose 0 = -g + i + 46, -3*i = -v - 0. What are the prime factors of g?
2, 3
List the prime factors of 50/(-325) - 17034/(-26).
5, 131
Let w(i) = 2*i + 7. Let h = -22 + 20. List the prime factors of w(h).
3
Let w(c) = -3*c + 38. Let d be w(12). Suppose 0 = d*u - 18 - 124. List the prime factors of u.
71
Suppose 3*d + 1689 = h, 2*h - 2*d + 1205 - 4563 = 0. What are the prime factors of h?
2, 3, 31
Suppose -234*z + 4745 = -229*z. List the prime factors of z.
13, 73
Let x(q) = -q**3 - q**2 + 3*q - 2. Let r be x(-3). Let f be (-14)/49 - (-37)/r. Suppose -4*m + 24 = 4*k + 8, -4*m - f = -3*k. What are the prime factors of k?
3
Suppose y = -s + 346 + 318, 0 = -y - 3. List the prime factors of s.
23, 29
Let z(w) = w**2 + 5*w + 5. Let b be z(-5). Suppose 7*j = 2*j + 4*x - 34, -4*j - b*x - 19 = 0. List the prime factors of (-2)/(4/j) + 14.
17
Let h(f) = 26*f**3 - 5*f**2 - 8*f + 15. List the prime factors of h(4).
1567
Let c(o) = -o**2 + 58*o - 448. What are the prime factors of c(43)?
197
Let n(l) = -l**3 - 7*l**2 - 6*l + 1. Let t be n(-6). Suppose -5*p + 40 = 3*b, 0*p = -p - t. What are the prime factors of 2/(-10) - (-273)/b?
2, 3
Let l = -133 - -483. List the prime factors of l.
2, 5, 7
Let d = 38 + 751. What are the prime factors of d?
3, 263
Let c = 22 + -28. Let o = c + 46. What are the prime factors of o?
2, 5
Suppose 3*r = 2*l - 2636, 2*l = -r + 3414 - 770. List the prime factors of l.
1321
Suppose -5*l + 3*l - 32 = 0. Let a be 704/10 - l/(-40). Let w = -45 + a. List the prime factors of w.
5
Let v(y) = -32*y + 32*y + 1 - 5*y**3 + y**3 - 2*y**2. Let o be v(-1). List the prime factors of -3 + (o - -3*3).
3
Let t = -566 + 814. List the prime factors of t.
2, 31
Suppose -7*q + 863 = -425. List the prime factors of q.
2, 23
Suppose 18*m - 5*q = 16*m + 2229, -3*m = 5*q - 3406. List the prime factors of m.
7, 23
Let x = -406 + 2010. What are the prime factors of x?
2, 401
Suppose 3*z - 2 = 4*z, 0 = -g - 2*z + 215. List the prime factors of -3 + g - (9 - 5).
2, 53
Let j = -119 - -210. Suppose 3*d - j = -4*h, 3*h + d - 55 = 7. What are the prime factors of h?
19
Let b(u) = 220*u**3 - 2*u**2 - u + 2. List the prime factors of b(1).
3, 73
Let l(v) = -26*v**3 + 3*v**2 - 8*v - 34. List the prime factors of l(-4).
2, 3, 5, 19
Let q be (-60)/(13/5 - 12/4). Suppose -4*r = 5*x - 6*r - 373, 0 = 2*x - r - q. List the prime factors of x.
73
Let p be (-18153)/(-63) - (4/(-14))/(-2). Suppose 5*d = 11*d - p. List the prime factors of d.
2, 3
Let r(t) = -3*t - t**2 - 1 - 46*t**3 + 6*t - 4*t. Suppose 2*f + 2*f - 4*o - 12 = 0, -2*o - 8 = 0. What are the prime factors of r(f)?
3, 5
Let u = -991 + 1498. What are the prime factors of u?
3, 13
Let n(m) = m**3 - 7*m**2 + 17*m. Let g be 8*(-1 + -1)*5/(-10). List the prime factors of n(g).
2, 5
Let z(r) = r**2 + 20*r - 15. Let i be z(-21). Suppose 2*q - i*q + 304 = 0. List the prime factors of q.
2, 19
Let h be 4 + (4 - (4 - 3)). Let c = h - 22. Let f = c - -51. List the prime factors of f.
2, 3
Let k = 9 - 3. Suppose -7*y = -k*y - 12. Suppose 3*n = 69 + y. What are the prime factors of n?
3
Let d be (-4)/((2 - 1)*-2) + 0. List the prime factors of 7 + 78 - (-1)/(d/8).
89
Let y = -796 - -780. Suppose 0 = 3*h, s + 3*h - 162 = 4*s. Let w = y - s. List the prime factors of w.
2, 19
Let f = -52 - -55. Suppose f*k + 53 = 2*o, -2*o = -o + 3*k - 13. List the prime factors of o.
2, 11
Let d(y) = 31*y**2 + 28*y + 6. What are the prime factors of d(-4)?
2, 3, 5, 13
Let j = 5446 - 3664. List the prime factors of j.
2, 3, 11
Let s = 413 + -414. Let w(m) = -3*m - 6. Let k be w(-8). List the prime factors of (k/4 + s)*16.
2, 7
Suppose 959 = -46*g + 53*g. What are the prime factors of g?
137
Let f(t) = -7*t - 33. Let m be (-2 + -1)/(30/100). List the prime factors of f(m).
37
Let a(j) = j**2 - 10*j - 19. Let l(v) = 1. Let b(m) = a(m) + 4*l(m). What are the prime factors of b(13)?
2, 3
Let l = -26 + 43. Suppose 2*d + 5*p - 2*p - 85 = 0, 5*p - 15 = 0. Let q = d - l. What are the prime factors of q?
3, 7
Let v be (-1)/(4 + 54/(-14)). Let q(s) = s**3 + 9*s**2 + 8*s - 13. What are the prime factors of q(v)?
29
Suppose 3 = 4*m - 3*j, 4*j = 2*m - j - 5. Let d be 2/(-12) + (-79)/(-6). Suppose -3*x + x - u = -23, m = -2*x - 3*u + d. List the prime factors of x.
2, 7
Let h = 94 - 21. What are the prime factors of h?
73
Let c be (-6)/(-21) - (-8)/(-28). Let n(o) = -3*o - 22. Let m be n(-8). Suppose 4*d + c*d = -m*u + 48, 0 = -5*u - 5*d + 125. What are the prime factors of u?
2, 13
Let f = -12 + 6. Let s be (1 + f/9)*177. Let i = -32 + s. List the prime factors of i.
3
List the prime factors of (-4695)/(-10)*1*2/3.
313
Let f be (6/(-16)*6)/((-3)/(-132)). List the prime factors of f*1/(-1)*1.
3, 11
Suppose -5*z - 2265 + 6900 = -3*g, -5 = -g. List the prime factors of z.
2, 3, 5, 31
Let r(n) = 25*n + 6. Let b be r(6). Let k = b - 55. List the prime factors of k.
101
Suppose -2*z = a - 8 - 8, -5*a + 14 = -z. Let c be ((6 - 1)/(-5))/(2/(-14)). List the prime factors of ((-46)/z)/(c/(-21)).
23
Suppose 7*d = -0*d + 252. Suppose -3*p - a = 2*a - d, -4*p + 4*a + 72 = 0. Suppose 0 = 5*f - 2*z - 2*z - 35, -p = 3*z. What are the prime factors of f?
3
Let w(v) = v**2 - v + 103. Suppose 3*p + 0*q = -q - 2, 4*p - q - 2 = 0. List the prime factors of w(p).
103
Let w(y) = -57*y**2 - 2*y + 1. Suppose -4*h - 8 = -4*d, -2*h - h - 2*d = -9. Let t be w(h). Let g = 103 + t. What are the prime factors of g?
3, 5
Let r(m) be the second derivative of m**4/6 - 2*m**3/3 + m**2 + 16*m. What are the prime factors of r(3)?
2
Suppose -2030 - 3829 = -31*v. What are the prime factors of v?
3, 7
Let h = -20 + 22. Suppose h*m - 291 = -3*i - 3*m, 5*m - 194 = -2*i. What are the prime factors of i?
97
Suppose 6*b - 3696 = -0*b. Suppose -2*h - b = -5*g, h = -3*g + 4*h + 366. List the prime factors of g.
2, 31
Let o(a) = a + 18. Let k be o(-9). Let y = -7 + k. Suppose 77 = 5*r - y*i - i, -r = -5*i - 33. List the prime factors of r.
13
Suppose 3*u - 8*u - 25 = 0. What are the prime factors of (6/u)/(8/(-1060))?
3, 53
Suppose -k - k + 3*d + 275 = 0, -5*k + 671 = -2*d. Let f = 236 - k. List the prime factors of f.
103
Let g = 537 + -280. List the prime factors of g.
257
Let m(r) = r**2 - 6*r - 4. Let i be m(7). Suppose i*f = -63 + 15. Let y = f - -27. What are the prime factors of y?
11
Let v = -11 + 36. Let i = v + -11. List the prime factors of i.
2, 7
Let m = 13785 - 9274. List the prime factors of m.
13, 347
Suppose 3555 - 16130 = -25*l. What are the prime factors of l?
503
Let h(w) = 49*w - 29. What are the prime factors of h(11)?
2, 3, 5, 17
Let i(r) = r**2 + 10*r - 6. Let w be i(-10). Let k(j) = 3*j**2 + 14*j + 4. Let b be k(w). Let y = 24 + b. What are the prime factors of y?
2, 13
Let q = -1122 + 1631. What are the prime factors of q?
509
Let s(r) = r + 1. Let i(u) = -u**2 - 11*u + 33. Let c(o) = i(o) + 3*s(o). List the prime factors of c(-11).
3
Let a(z) be the second derivative of 7*z**3/3 - 7*z**2 - 28*z. List the prim